{"version":"1.0","provider_name":"LA RED 88.3 LA RIOJA","provider_url":"https:\/\/laredlarioja.com.ar\/sitio","author_name":"Mart\u00edn Ruarte","author_url":"https:\/\/laredlarioja.com.ar\/sitio\/author\/mruarte\/","title":"Prorrogan el adicional jubilatorio provincial y hay 2.474 personas en condiciones de jubilarse - LA RED 88.3 LA RIOJA","type":"rich","width":600,"height":338,"html":"<blockquote class=\"wp-embedded-content\" data-secret=\"yeb2BZQDZa\"><a href=\"https:\/\/laredlarioja.com.ar\/sitio\/prorrogan-por-seis-anos-el-adicional-jubilatorio-provincial\/\">Prorrogan el adicional jubilatorio provincial y hay 2.474 personas en condiciones de jubilarse<\/a><\/blockquote><iframe sandbox=\"allow-scripts\" security=\"restricted\" src=\"https:\/\/laredlarioja.com.ar\/sitio\/prorrogan-por-seis-anos-el-adicional-jubilatorio-provincial\/embed\/#?secret=yeb2BZQDZa\" width=\"600\" height=\"338\" title=\"\u00abProrrogan el adicional jubilatorio provincial y hay 2.474 personas en condiciones de jubilarse\u00bb \u2014 LA RED 88.3 LA RIOJA\" data-secret=\"yeb2BZQDZa\" frameborder=\"0\" marginwidth=\"0\" marginheight=\"0\" scrolling=\"no\" class=\"wp-embedded-content\"><\/iframe><script type=\"text\/javascript\">\n\/* <![CDATA[ *\/\n\/*! This file is auto-generated *\/\n!function(d,l){\"use strict\";l.querySelector&&d.addEventListener&&\"undefined\"!=typeof URL&&(d.wp=d.wp||{},d.wp.receiveEmbedMessage||(d.wp.receiveEmbedMessage=function(e){var t=e.data;if((t||t.secret||t.message||t.value)&&!\/[^a-zA-Z0-9]\/.test(t.secret)){for(var s,r,n,a=l.querySelectorAll('iframe[data-secret=\"'+t.secret+'\"]'),o=l.querySelectorAll('blockquote[data-secret=\"'+t.secret+'\"]'),c=new RegExp(\"^https?:$\",\"i\"),i=0;i<o.length;i++)o[i].style.display=\"none\";for(i=0;i<a.length;i++)s=a[i],e.source===s.contentWindow&&(s.removeAttribute(\"style\"),\"height\"===t.message?(1e3<(r=parseInt(t.value,10))?r=1e3:~~r<200&&(r=200),s.height=r):\"link\"===t.message&&(r=new URL(s.getAttribute(\"src\")),n=new URL(t.value),c.test(n.protocol))&&n.host===r.host&&l.activeElement===s&&(d.top.location.href=t.value))}},d.addEventListener(\"message\",d.wp.receiveEmbedMessage,!1),l.addEventListener(\"DOMContentLoaded\",function(){for(var e,t,s=l.querySelectorAll(\"iframe.wp-embedded-content\"),r=0;r<s.length;r++)(t=(e=s[r]).getAttribute(\"data-secret\"))||(t=Math.random().toString(36).substring(2,12),e.src+=\"#?secret=\"+t,e.setAttribute(\"data-secret\",t)),e.contentWindow.postMessage({message:\"ready\",secret:t},\"*\")},!1)))}(window,document);\n\/\/# sourceURL=https:\/\/laredlarioja.com.ar\/sitio\/wp-includes\/js\/wp-embed.min.js\n\/* ]]> *\/\n<\/script>\n","thumbnail_url":"https:\/\/laredlarioja.com.ar\/sitio\/wp-content\/uploads\/2024\/09\/67219_1479911158-1200x545_c.jpg","thumbnail_width":1200,"thumbnail_height":545,"description":"El jueves pasado, la C\u00e1mara de Diputados de La Rioja prorrog\u00f3 por un a\u00f1o la vigencia de la"}

Martín Ruarte

El jueves pasado, la Cámara de Diputados de La Rioja prorrogó por un año la vigencia de la
